he tens digit of j?
1
Suppose -6*r + 8 = -2*r. Suppose 0 = 2*k + r - 38. What is the units digit of k?
8
Let t be 3/(-9) + 16/(-6). Let c be -2 - (-3 + 2) - t. Suppose 2*f - 3*l = 12, -c*f + 7*f - 30 = -2*l. What is the units digit of f?
6
Let b(n) = 2*n - 3. Suppose -x = x - 4. Let r be b(x). Let a(t) = 2*t**2 + t. What is the units digit of a(r)?
3
Let t be (0 + 1)*(10 - 7). Let f be (-22)/(-5) + (-4)/10. Suppose 5*a - t*p - 48 = 0, -5*a + p + 42 = f*p. What is the units digit of a?
9
Let s be 60/18 - (-2)/3. Suppose s*o + 52 = 272. What is the tens digit of o?
5
Let t be ((-8)/(-6))/(2/(-3)). What is the units digit of 3*((-2)/(-6) - t)?
7
Suppose -4*h - 440 = -4*p, -5*p + 0*h - 4*h + 577 = 0. What is the hundreds digit of p?
1
Let m be 2/3 + 41/(-3). Suppose 13 = 2*t + 51. Let o = m - t. What is the units digit of o?
6
Let y = 150 + -86. Suppose 4*x - 40 - y = 0. What is the tens digit of x?
2
Let d be 1 - ((-18)/(-3))/(-3). Suppose -4*h + 2 - 22 = -d*b, 0 = -3*h - 2*b + 2. What is the units digit of 1 + -2 + (2 - h)?
3
Let a = 1 + 2. Suppose -5*i + a*y = -86, -3*y = -0*y - 9. What is the units digit of i?
9
Let c(y) = y - 3. Let o be c(6). Let t(i) = -i**3 + 3*i**2 + 2. Let m be t(o). Suppose 20 = 2*n + m*n. What is the units digit of n?
5
Let p(j) = 2*j - 4. Let a be p(4). Let m = a + 0. Suppose 0 = -m*r + 12, 0 = -h - 4*h + 3*r - 4. What is the units digit of h?
1
What is the hundreds digit of 8/(1/((-67)/(-2)))?
2
Let k = 112 - 51. What is the units digit of k?
1
Let n = -355 - -620. What is the hundreds digit of n?
2
Let g(b) = -b**2 - 12*b - 12. What is the tens digit of g(-8)?
2
Suppose 5*m = -15, 5*i - m = -38 + 156. What is the tens digit of i?
2
Let z(f) = 2*f**3 + 22*f**2 - 12*f - 12. What is the tens digit of z(-11)?
2
Let f = 19 + 8. What is the tens digit of f?
2
Let s(h) = -8*h**2 - 7*h - 1. Let t(n) = n. Let x(i) = -s(i) - 6*t(i). What is the tens digit of x(-2)?
3
Let a(r) be the second derivative of -r**6/360 + r**5/30 + r**4/8 + r**3/6 + r. Let y(d) be the second derivative of a(d). What is the units digit of y(4)?
3
Let v(r) = 2*r**2 - 1 - 2*r**2 - 14*r**3 - r. Suppose -i - 1 = 2*j, 4*i + 2*j + 4 = -3*j. What is the tens digit of v(i)?
1
Let c(q) = q**3 + 6*q**2 - 7*q. Let l be c(-7). Suppose -2*h = -l*h - 66. What is the tens digit of h?
3
Suppose 3*x - b - 213 = -0*x, -x - b = -67. What is the tens digit of x?
7
Let d = -3 - -2. What is the tens digit of 4 + 3 + (-3)/d?
1
Let j be (-7)/1*(-6)/(-6). Let u(i) = -3*i + 10. What is the units digit of u(j)?
1
Let n = -1 - 1. Let v = 1 - n. What is the units digit of v?
3
Let b(n) = -6 + n**3 + n**2 - 4*n**2 - n**2 - 3*n. Let y be b(5). What is the units digit of (y/(-12))/(1/(-12))?
4
Suppose -5*l + 1158 = 4*g + 62, -4*g - 224 = -l. What is the tens digit of l?
2
Let w(p) = 58*p. What is the hundreds digit of w(6)?
3
Suppose 0 = u - 14 - 8. Let o = u - 7. What is the tens digit of o?
1
Let q(c) = c**3 + 5*c**2 + 5*c - 1. Let f be q(-4). Let n(p) = -p**2 - 8*p - 5. What is the units digit of n(f)?
0
Let z be -15 + (-1)/(4 - 3). What is the tens digit of (-244)/z - 6/(-8)?
1
Let b(h) = -3*h + 1. Let w be (63/(-35))/(6/(-20)). Suppose 0*u - 3*u = 2*p + w, -5*u = 4*p + 10. What is the units digit of b(u)?
7
What is the units digit of 1 - (6 + -3 + -18)?
6
Suppose -h = -2*y - 3, -2*h - y + 4*y + 6 = 0. What is the units digit of h/((-49)/13 - -4)?
3
Suppose 5*k + 0*k - 25 = 0. Suppose 0 = v - k. Suppose -v*f + 64 = -f. What is the tens digit of f?
1
Suppose 5*b = l - 30, -3*l - 5 = -0*l + 4*b. Let c = 12 - l. What is the units digit of c?
7
Suppose -6*m - 116 = -f - 4*m, -3*m = f - 141. What is the hundreds digit of f?
1
Suppose 0 = -2*p - o - 3, 0 = -5*p + 3*p + 2*o + 6. Let k = 15 + p. What is the units digit of k?
5
Let o(g) be the second derivative of 25*g**3/6 - 6*g. What is the units digit of o(1)?
5
Let i be (1 - 1)/(-1) - -41. What is the units digit of i + -5 + 4/(-2)?
4
What is the units digit of (285/(-5) + -4)/(3 + -4)?
1
Let f = 33 + -28. Suppose 3*d + 3 = 0, 5*d + 20 = 7*o - 2*o. Suppose f*j + 4*p - 48 = 0, o*p = j + 1 - 3. What is the units digit of j?
8
Let q(x) = -x + 12. Let m(u) = 2*u - 25. Let j(t) = 2*m(t) + 5*q(t). Let w be 6/(-15) + (-54)/(-10). What is the units digit of j(w)?
5
Suppose -5*u - 111 = -291. What is the tens digit of u?
3
Let l = 5 + -6. Let x = 6 - l. Suppose 3*f = -x + 46. What is the tens digit of f?
1
Let f(k) = -k**2 + 7*k + 9. Let v be f(7). Let l(z) = -z**2 + 11*z + 9. What is the units digit of l(v)?
7
Let s(x) = x**3 - 6*x**2 - 2*x - 10. Let c be s(7). Suppose -5*t + 15 + c = 0. What is the units digit of t?
8
Let t(g) be the second derivative of -g**5/20 + 2*g**4/3 - 2*g**3/3 - 4*g**2 + 4*g. Let m be t(7). Let q = m + -8. What is the units digit of q?
5
Let h(s) = -s**3 + 6*s**2 - 5*s + 1. Let r = -10 + 25. Suppose 5*y - 2*y = r. What is the units digit of h(y)?
1
Let o = -59 + 69. What is the tens digit of o?
1
Let i = 210 + -132. What is the units digit of i?
8
Suppose -9 = j + 4. Let c be 1 + (0 - 2*j). Let x = c - 18. What is the units digit of x?
9
Let f = 15 - -24. What is the units digit of f?
9
Suppose i = -2*i + 9. Suppose -r + 7 = -i. Suppose 0 - r = -m. What is the units digit of m?
0
Let a(g) = g**2 - 4*g. What is the units digit of a(5)?
5
Suppose 0 = -o + 4*o - 5*l - 173, -5*l + 107 = 2*o. What is the units digit of o?
6
Let m(u) = -2*u - 1. Let a be m(1). Let o be (-4)/(a + (2 - 0)). What is the units digit of o/(-20) - (-62)/10?
6
Let s(d) = -2*d - 2. Let p be s(4). Let c = 12 + p. What is the units digit of c?
2
Let j(u) = 2*u**3 - 8*u**2 + 6*u - 2. Suppose 13 = -5*i + 38. Let c be j(i). Suppose -22 = 4*k - c. What is the units digit of k?
4
Suppose -5*p + 14 = -3*r, -p = -2*p + 4. Let q(v) = 3 + 2*v - 3. What is the units digit of q(r)?
4
Let r(m) = -m + 6 + 14 + 0*m. What is the units digit of r(0)?
0
Let z = 113 + -76. What is the tens digit of z?
3
Let y = 9 + -9. Suppose 5*r - r - 8 = y. What is the units digit of r?
2
Suppose 4*v - 18 = v. Let i = -1 + 5. Suppose 3*u = -i*j + 3, -u + v*u = 4*j - 27. What is the units digit of j?
3
Let c(s) = s**2 + 8*s - 2. Let n be c(-9). Suppose -n = 4*v + 5. Let h = 4 - v. What is the units digit of h?
7
Suppose -8*f - 1596 = -4*k - 4*f, 3*k = -f + 1201. What is the tens digit of k?
0
Let v(a) = a**2 - 7*a + 8. Let k be v(6). Let f be (10/k)/(2/(-2)). What is the units digit of f*((-14)/5 + 2)?
4
Suppose 0 = 2*k - 4*t + 14, -3*t + 8 + 3 = -2*k. Let q be 1 + (2 - 1)/k. Suppose q = -3*y - 3, x - 5*x = 5*y - 27. What is the units digit of x?
8
Let q be (6/(-4))/((-9)/186). Suppose 39 + q = 5*d. What is the units digit of d?
4
Suppose -7*v + 2460 = 3*v. What is the hundreds digit of v?
2
Let t = -7 + 6. Let w = t - -3. Suppose -w*o = -o - 10. What is the tens digit of o?
1
Let o = 116 + 20. Suppose 5*m - m - o = 0. What is the tens digit of m?
3
Let b = 2 + 1. Suppose -3*r + 63 = 5*l, 2*r = b*l - 36 - 17. What is the units digit of l?
5
Let h(b) = b**2 + b + 1. Let y be h(-2). What is the units digit of (y + -2)/((-6)/(-150))?
5
Let m be 6/1*(-16)/24. What is the units digit of 28 - (1 + -5)/m?
7
Let u be 5/(-10) + 5/2. Let t be 18 + 2/(2 - 0). Suppose 5*a + 4*w - t = 0, u*a - 6 = 5*w - 5. What is the units digit of a?
3
Let p(y) = y**3 - 8*y**2 - 8*y - 7. Let r be p(9). What is the units digit of (r + 3 - 0) + 2?
7
Suppose -2*c - 9 = o + 5, -c - 56 = 4*o. Let t = 21 + o. What is the units digit of t?
7
Let i(n) = 2*n**2 - 5*n + 3. Let q be i(3). Suppose 3*w + 30 + q = 0. Let f = -5 - w. What is the units digit of f?
7
What is the tens digit of (-16)/6*108/(-16)?
1
Suppose -9 = -7*s + 4*s. Suppose -104 - 40 = -s*v. What is the tens digit of v?
4
Let p be (-196)/(-24) - 1/6. Suppose 2*b + 2 - p = 0. Let l = b + 0. What is the units digit of l?
3
Let d(t) = t**3 - 18*t**2 + 35*t + 4. What is the tens digit of d(16)?
5
Let s(l) = l**3 + l - 1. Let k be s(0). Let g be -1*3*20/(-15). Let h = g + k. What is the units digit of h?
3
Suppose 7 = -5*r + 2. What is the units digit of (-2 - r) + 10/2?
4
Suppose -6*d - 55 + 379 = 0. What is the tens digit of d?
5
Let o(r) = -2 - 1 - 13*r + 1. What is the tens digit of o(-2)?
2
Let z(v) = -4*v + 1. Let o(p) = 5*p - 1. Let c(n) = -5*o(